s the tens digit of 14763?
6
What is the hundreds digit of 79844?
8
What is the hundreds digit of 33497?
4
What is the thousands digit of 61064?
1
What is the thousands digit of 1072?
1
What is the tens digit of 11161?
6
What is the hundreds digit of 548?
5
What is the hundreds digit of 2100?
1
What is the thousands digit of 71325?
1
What is the units digit of 843?
3
What is the hundreds digit of 2319?
3
What is the hundreds digit of 69483?
4
What is the thousands digit of 15553?
5
What is the ten thousands digit of 20659?
2
What is the units digit of 4636?
6
What is the hundreds digit of 5012?
0
What is the hundreds digit of 2469?
4
What is the tens digit of 5919?
1
What is the tens digit of 1157?
5
What is the thousands digit of 1869?
1
What is the units digit of 142?
2
What is the thousands digit of 8350?
8
What is the hundreds digit of 20217?
2
What is the tens digit of 544?
4
What is the thousands digit of 30559?
0
What is the units digit of 2?
2
What is the hundreds digit of 420?
4
What is the hundreds digit of 107?
1
What is the hundreds digit of 1059?
0
What is the units digit of 11036?
6
What is the hundreds digit of 63767?
7
What is the units digit of 28158?
8
What is the tens digit of 514?
1
What is the ten thousands digit of 40061?
4
What is the units digit of 516?
6
What is the tens digit of 2833?
3
What is the units digit of 5811?
1
What is the thousands digit of 21212?
1
What is the units digit of 65?
5
What is the hundreds digit of 7937?
9
What is the tens digit of 34382?
8
What is the tens digit of 1800?
0
What is the tens digit of 3946?
4
What is the hundreds digit of 12171?
1
What is the units digit of 19561?
1
What is the ten thousands digit of 33669?
3
What is the thousands digit of 1729?
1
What is the units digit of 1638?
8
What is the thousands digit of 1269?
1
What is the units digit of 97637?
7
What is the hundreds digit of 4455?
4
What is the units digit of 2606?
6
What is the hundred thousands digit of 107243?
1
What is the thousands digit of 3992?
3
What is the tens digit of 275?
7
What is the ten thousands digit of 13100?
1
What is the ten thousands digit of 16152?
1
What is the thousands digit of 39089?
9
What is the thousands digit of 9643?
9
What is the ten thousands digit of 17241?
1
What is the hundred thousands digit of 122170?
1
What is the tens digit of 397?
9
What is the units digit of 61950?
0
What is the hundreds digit of 68897?
8
What is the tens digit of 70?
7
What is the hundreds digit of 1707?
7
What is the units digit of 1230?
0
What is the hundreds digit of 9302?
3
What is the hundreds digit of 302?
3
What is the tens digit of 721?
2
What is the units digit of 18129?
9
What is the units digit of 881?
1
What is the thousands digit of 11512?
1
What is the hundreds digit of 8397?
3
What is the hundreds digit of 58294?
2
What is the hundreds digit of 1486?
4
What is the units digit of 10526?
6
What is the thousands digit of 2061?
2
What is the units digit of 4251?
1
What is the tens digit of 13695?
9
What is the tens digit of 3073?
7
What is the units digit of 14429?
9
What is the hundreds digit of 962?
9
What is the hundreds digit of 342?
3
What is the tens digit of 3294?
9
What is the units digit of 22105?
5
What is the thousands digit of 3880?
3
What is the thousands digit of 55770?
5
What is the units digit of 4253?
3
What is the thousands digit of 4173?
4
What is the thousands digit of 29319?
9
What is the hundreds digit of 326?
3
What is the ten thousands digit of 10210?
1
What is the thousands digit of 7433?
7
What is the tens digit of 801?
0
What is the units digit of 79309?
9
What is the hundreds digit of 636?
6
What is the tens digit of 8232?
3
What is the ten thousands digit of 22534?
2
What is the units digit of 7171?
1
What is the tens digit of 143?
4
What is the units digit of 5221?
1
What is the hundreds digit of 156693?
6
What is the tens digit of 259?
5
What is the units digit of 2312?
2
What is the hundred thousands digit of 137922?
1
What is the thousands digit of 1164?
1
What is the thousands digit of 21444?
1
What is the ten thousands digit of 29419?
2
What is the hundreds digit of 16575?
5
What is the tens digit of 166?
6
What is the hundreds digit of 544?
5
What is the thousands digit of 21865?
1
What is the hundreds digit of 360?
3
What is the hundreds digit of 10179?
1
What is the tens digit of 2337?
3
What is the hundreds digit of 356?
3
What is the hundreds digit of 5431?
4
What is the hundreds digit of 626?
6
What is the tens digit of 4208?
0
What is the units digit of 29723?
3
What is the hundreds digit of 17732?
7
What is the units digit of 1212?
2
What is the tens digit of 27657?
5
What is the units digit of 18287?
7
What is the units digit of 1394?
4
What is the units digit of 102109?
9
What is the ten thousands digit of 47473?
4
What is the hundreds digit of 137?
1
What is the hundreds digit of 1892?
8
What is the thousands digit of 123128?
3
What is the hundreds digit of 1789?
7
What is the hundreds digit of 17525?
5
What is the hundreds digit of 3835?
8
What is the hundreds digit of 61316?
3
What is the thousands digit of 1202?
1
What is the hundreds digit of 962?
9
What is the tens digit of 793?
9
What is the units digit of 7855?
5
What is the hundreds digit of 1699?
6
What is the thousands digit of 5361?
5
What is the hundreds digit of 101?
1
What is the thousands digit of 9183?
9
What is the tens digit of 4822?
2
What is the tens digit of 170?
7
What is the hundreds digit of 5840?
8
What is the tens digit of 1102?
0
What is the units digit of 2660?
0
What is the thousands digit of 28316?
8
What is the units digit of 1330?
0
What is the ten thousands digit of 18035?
1
What is the tens digit of 2164?
6
What is the units digit of 13925?
5
What is the units digit of 8909?
9
What is the units digit of 6107?
7
What is the hundreds digit of 314?
3
What is the thousands digit of 3603?
3
What is the units digit of 37206?
6
What is the hundreds digit of 40482?
4
What is the units digit of 3228?
8
What is the tens digit of 337?
3
What is the tens digit of 3621?
2
What is the tens digit of 27983?
8
What is the tens digit of 2160?
6
What is the hundreds digit of 26291?
2
What is the units digit of 429?
9
What is the units digit of 169533?
3
What is the units digit of 1636?
6
What is the thousands digit of 24738?
4
What is the tens digit of 3611?
1
What is the units digit of 2842?
2
What is the thousands digit of 13171?
3
What is the tens digit of 1046?
4
What is the thousands digit of 14405?
4
What is the tens digit of 3030?
3
What is the ten thousands digit of 14093?
1
What is the hundreds digit of 337?
3
What is the thousands digit of 2416?
2
What is the tens digit of 118831?
3
What is the units digit of 1527?
7
What is the tens digit of 15753?
5
What is the hundreds digit of 26975?
9
What is the units digit of 326?
6
What is the units digit of 1878?
8
What is the units digit of 10385?
5
What is the tens digit of 865?
6
What is the thousands digit of 14333?
4
What is the hundreds digit of 41374?
3
What is the units digit of 4548?
8
What is the units digit of 863?
3
What is the tens digit of 3579?
7
What is the hundreds digit of 1494?
4
What is the hundreds digit of 456?
4
What is the thousands digit of 25652?
5
What is the thousands digit of 2589?
2
What is the thousands digit of 6868?
6
What is the tens digit of 93890?
9
What is the hundreds digit of 95743?
7
What is the hundreds digit of 9063?
0
What is the units digit of 1174?
4
What is the tens digit of 141?
4
What is the hundreds digit of 28059?
0
What is the units digit of 136239?
9
What is the units digit of 112613?
3
What is the hundreds digit of 14089?
0
What is the hundreds digit of 907?
9
What is the units digit of 1364?
4
What is the thousands digit of 2158?
2
What is the thousands digit of 22185?
2
What is the units digit of 1613?
3
What is the hundreds digit of 7483?
4
What is the thousands digit of 66822?
6
What is the tens digit of 77885?
8
What is the thousands digit of 1117?
1
What is the units digit of 6221?
1
What is the hundreds digit of 40603?
6
What is the hundreds digit of 517?
5
What is the units digit of 753?
3
What is the units digit of 18703?
3
What is the hundreds digit of 1837?
8
What is the